{"id":2,"date":"2020-04-21T11:13:53","date_gmt":"2020-04-21T14:13:53","guid":{"rendered":"https:\/\/empreendimentostaruma.com.br\/boulevardtancredo\/?page_id=2"},"modified":"2024-11-13T11:59:23","modified_gmt":"2024-11-13T14:59:23","slug":"home","status":"publish","type":"page","link":"https:\/\/empreendimentostaruma.com.br\/boulevardtancredo\/","title":{"rendered":"Home"},"content":{"rendered":"\n\n    VEM A\u00cd!\n  <style>\n      .ribbonc{\n      position:fixed;\n      z-index: 999;\n      }\n.ribbon-wrapper {\nwidth: 275px;\n    height: 280px;\n    overflow: hidden;\n    position: absolute;\n    top: 0px;\n    left: 0px;\n    pointer-events: none;\n}\n.ribbon-wrapper .ribbon {\n    font: bold 38px sans-serif;\n    color: #333;\n    text-align: center;\n    -webkit-transform: rotate(-45deg);\n    -moz-transform: rotate(-45deg);\n    -ms-transform: rotate(-45deg);\n    -o-transform: rotate(-45deg);\n    position: relative;\n    padding: 17px 0;\n    top: 68px;\n    left: -87px;\n    width: 400px;\n    background-color: #056865;\n    color: #fff;\n}\n@media screen and (max-width:992px){\n    .ribbon-wrapper {\nzoom:.5\n}\n}\n  <\/style>\n<h1>\n\t\tO lan\u00e7amento<br \/> mais aguardado<br \/> de Tangar\u00e1.\n\t<\/h1>\n\t\t\t\t<img loading=\"lazy\" decoding=\"async\" src=\"https:\/\/empreendimentostaruma.com.br\/boulevardtancredo\/wp-content\/uploads\/2022\/05\/boulevardTancredo-Taruma-tangara-e1673636051159.png\" alt=\"boulevardTancredo-Taruma-tangara\" itemprop=\"image\" height=\"227\" width=\"469\" title=\"boulevardTancredo-Taruma-tangara\" onerror=\"this.style.display='none'\"  \/>\n<h1>\n\t\tPermita-se vivenciar o melhor.\n\t<\/h1>\n<h2>\n\t\t\u00c9 um prazer apresentar a voc\u00ea o Boulevard Tancredo. Uma oportunidade para quem busca vivenciar o que h\u00e1 de melhor em Tangar\u00e1, como o lazer, a proximidade com a natureza e a localiza\u00e7\u00e3o privilegiada. Seja para morar com conforto, seja para montar um neg\u00f3cio, o Boulevard Tancredo \u00e9 o investimento perfeito para quem espera o melhor da vida.\n\t<\/h2>\n\t\t\t\t<img loading=\"lazy\" decoding=\"async\" src=\"https:\/\/empreendimentostaruma.com.br\/boulevardtancredo\/wp-content\/uploads\/2022\/05\/Group-9.png\" alt=\"Group 9\" itemprop=\"image\" height=\"81\" width=\"469\" title=\"Group 9\" onerror=\"this.style.display='none'\"  \/>\n<h3>\n\t\tCadastre-se e tenha o privil\u00e9gio de conhecer em primeira m\u00e3o o empreendimento que vai surpreender Tangar\u00e1.\n\t<\/h3>\n\t\t\t\t<img loading=\"lazy\" decoding=\"async\" src=\"https:\/\/empreendimentostaruma.com.br\/boulevardtancredo\/wp-content\/uploads\/2022\/05\/venha-viver-bem.png\" alt=\"venha viver bem\" itemprop=\"image\" height=\"268\" width=\"617\" title=\"venha viver bem\" onerror=\"this.style.display='none'\"  \/>\n\t\t\t\t<img loading=\"lazy\" decoding=\"async\" src=\"https:\/\/empreendimentostaruma.com.br\/boulevardtancredo\/wp-content\/uploads\/2022\/05\/Group-5.png\" alt=\"Group 5\" itemprop=\"image\" height=\"189\" width=\"213\" title=\"Group 5\" onerror=\"this.style.display='none'\"  \/>\n\t\t\t\t<img loading=\"lazy\" decoding=\"async\" src=\"https:\/\/empreendimentostaruma.com.br\/boulevardtancredo\/wp-content\/uploads\/2022\/05\/Group-4.png\" alt=\"Group 4\" itemprop=\"image\" height=\"171\" width=\"252\" title=\"Group 4\" onerror=\"this.style.display='none'\"  \/>\n\t\t\t\t<img loading=\"lazy\" decoding=\"async\" src=\"https:\/\/empreendimentostaruma.com.br\/boulevardtancredo\/wp-content\/uploads\/2022\/05\/Group-3.png\" alt=\"Group 3\" itemprop=\"image\" height=\"173\" width=\"283\" title=\"Group 3\" onerror=\"this.style.display='none'\"  \/>\n\t\t\t\t<img loading=\"lazy\" decoding=\"async\" src=\"https:\/\/empreendimentostaruma.com.br\/boulevardtancredo\/wp-content\/uploads\/2022\/05\/Group-2.png\" alt=\"Group 2\" itemprop=\"image\" height=\"183\" width=\"277\" title=\"Group 2\" onerror=\"this.style.display='none'\"  \/>\n\t\t\t\t<img loading=\"lazy\" decoding=\"async\" src=\"https:\/\/empreendimentostaruma.com.br\/boulevardtancredo\/wp-content\/uploads\/2024\/11\/itens-lazer-1.webp\" alt=\"itens-lazer\" itemprop=\"image\" height=\"2168\" width=\"1227\" title=\"itens-lazer\" onerror=\"this.style.display='none'\"  \/>\n\t\t\t\t<a href=\"https:\/\/empreendimentostaruma.com.br\/\" target=\"_blank\" rel=\"noopener\" itemprop=\"url\">\n\t\t\t\t<img loading=\"lazy\" decoding=\"async\" src=\"https:\/\/empreendimentostaruma.com.br\/boulevardtancredo\/wp-content\/uploads\/2022\/05\/ass.png\" alt=\"ass\" itemprop=\"image\" height=\"149\" width=\"949\" title=\"ass\" onerror=\"this.style.display='none'\"  \/>\n\t\t\t\t<\/a>\n\t<iframe src=\"https:\/\/www.google.com\/maps\/embed\/v1\/place?q=Empreendimentos+Tarum%C3%A3&#038;key=AIzaSyD09zQ9PNDNNy9TadMuzRV_UsPUoWKntt8\" aria-hidden=\"true\"><\/iframe>\n\n","protected":false},"excerpt":{"rendered":"<p>VEM A\u00cd! O lan\u00e7amento mais aguardado de Tangar\u00e1. Permita-se vivenciar o melhor. \u00c9 um prazer apresentar a voc\u00ea o Boulevard Tancredo. Uma oportunidade para quem busca vivenciar o que h\u00e1 de melhor em Tangar\u00e1, como o lazer, a proximidade com a natureza e a localiza\u00e7\u00e3o privilegiada. Seja para morar com conforto, seja para montar um&hellip;<\/p>\n","protected":false},"author":1,"featured_media":0,"parent":0,"menu_order":0,"comment_status":"closed","ping_status":"open","template":"","meta":{"footnotes":""},"class_list":["post-2","page","type-page","status-publish","hentry"],"_links":{"self":[{"href":"https:\/\/empreendimentostaruma.com.br\/boulevardtancredo\/wp-json\/wp\/v2\/pages\/2","targetHints":{"allow":["GET"]}}],"collection":[{"href":"https:\/\/empreendimentostaruma.com.br\/boulevardtancredo\/wp-json\/wp\/v2\/pages"}],"about":[{"href":"https:\/\/empreendimentostaruma.com.br\/boulevardtancredo\/wp-json\/wp\/v2\/types\/page"}],"author":[{"embeddable":true,"href":"https:\/\/empreendimentostaruma.com.br\/boulevardtancredo\/wp-json\/wp\/v2\/users\/1"}],"replies":[{"embeddable":true,"href":"https:\/\/empreendimentostaruma.com.br\/boulevardtancredo\/wp-json\/wp\/v2\/comments?post=2"}],"version-history":[{"count":58,"href":"https:\/\/empreendimentostaruma.com.br\/boulevardtancredo\/wp-json\/wp\/v2\/pages\/2\/revisions"}],"predecessor-version":[{"id":175,"href":"https:\/\/empreendimentostaruma.com.br\/boulevardtancredo\/wp-json\/wp\/v2\/pages\/2\/revisions\/175"}],"wp:attachment":[{"href":"https:\/\/empreendimentostaruma.com.br\/boulevardtancredo\/wp-json\/wp\/v2\/media?parent=2"}],"curies":[{"name":"wp","href":"https:\/\/api.w.org\/{rel}","templated":true}]}}